63271087 prime?
False
Is 462707530367 a prime number?
True
Is 325604623 composite?
False
Is 1946744557 a composite number?
False
Is 4994566349 a prime number?
False
Is 971102269 a prime number?
False
Is 1202613449 prime?
True
Is 826611083 prime?
False
Is 42146757067 composite?
False
Is 430082749 a composite number?
False
Is 2363726111 composite?
False
Is 1899204343 a composite number?
False
Is 19754892029 prime?
False
Is 12785081279 prime?
True
Is 75616159 a composite number?
True
Is 586404089 composite?
False
Is 518201857 a prime number?
True
Is 5377490351 a composite number?
False
Is 1050431633 composite?
False
Is 177687137 prime?
False
Is 26012952851 composite?
False
Is 17440346701 composite?
True
Is 5306266841 a composite number?
True
Is 23072477 a prime number?
True
Is 40650734937 prime?
False
Is 9018724391 composite?
True
Is 14768099 a prime number?
True
Is 3748642043 a prime number?
False
Is 7372893673 prime?
True
Is 27564848417 prime?
True
Is 99478817 a prime number?
True
Is 2537142389 a prime number?
True
Is 448635713 composite?
True
Is 3819167311 a prime number?
True
Is 109391069 prime?
False
Is 105706121 prime?
True
Is 88620741091 composite?
False
Is 42737601283 a prime number?
False
Is 2023527287 a prime number?
False
Is 3142244053 a composite number?
True
Is 238988077 a prime number?
False
Is 1767979657 a composite number?
True
Is 7722449963 a composite number?
True
Is 530359757 a composite number?
False
Is 10158545977 a composite number?
True
Is 10141425247 prime?
True
Is 1697792027 prime?
False
Is 5661694249 prime?
True
Is 142974631 composite?
False
Is 186321209 a prime number?
True
Is 11356381511 a prime number?
False
Is 32275147 composite?
True
Is 1786169477 a prime number?
True
Is 42997021 a prime number?
True
Is 135186544939 a prime number?
True
Is 108021195817 a composite number?
False
Is 46641947207 a prime number?
False
Is 98848170451 a prime number?
True
Is 111908135 a prime number?
False
Is 28338299293 a composite number?
False
Is 206925881 prime?
True
Is 3204135613 composite?
True
Is 385799747 composite?
False
Is 4424988559 prime?
False
Is 3445439863 a prime number?
True
Is 23940559541 prime?
True
Is 2287591 composite?
False
Is 22564261037 prime?
False
Is 8714579501 a composite number?
True
Is 718136603 prime?
True
Is 14090287763 a composite number?
False
Is 4393710049 prime?
True
Is 190346518577 composite?
False
Is 367645693 prime?
True
Is 3415612969 prime?
True
Is 5352433049 a prime number?
True
Is 2804974897 a composite number?
False
Is 145438166 prime?
False
Is 3887781647 a prime number?
True
Is 5354394191 composite?
False
Is 4622946967 a prime number?
True
Is 3074261513 prime?
False
Is 832115686 prime?
False
Is 53778947 composite?
True
Is 312621511 a prime number?
False
Is 164080041821 a composite number?
False
Is 10522756619 a composite number?
True
Is 18517524671 composite?
True
Is 1363589531 prime?
True
Is 34790956051 composite?
False
Is 8551773743 a prime number?
False
Is 635246567 composite?
False
Is 1500529061 composite?
False
Is 19962629903 a composite number?
False
Is 16554199 a composite number?
True
Is 17716447373 a composite number?
False
Is 12577760842 composite?
True
Is 693277873 a composite number?
False
Is 1767692195 composite?
True
Is 411801259 a prime number?
True
Is 55314553157 composite?
False
Is 118866469 a prime number?
False
Is 7288253771 composite?
False
Is 49105501 a composite number?
False
Is 403694839 a composite number?
False
Is 403767437 a prime number?
False
Is 5463542335 a composite number?
True
Is 3863834063 prime?
True
Is 15839206211 composite?
False
Is 2343049381 a prime number?
True
Is 327482383 composite?
False
Is 6571681717 a composite number?
False
Is 42456638747 composite?
False
Is 29137623181 composite?
False
Is 787052003 composite?
False
Is 9184791169 composite?
True
Is 56911622077 composite?
False
Is 212999653 prime?
True
Is 21818446571 a prime number?
True
Is 14338639838 composite?
True
Is 14802131249 prime?
False
Is 301200075989 a prime number?
True
Is 45545281799 composite?
False
Is 1180195567 a composite number?
False
Is 11876815993 composite?
True
Is 5466590461 a composite number?
True
Is 285240301 prime?
False
Is 518819953 prime?
True
Is 686876737 prime?
True
Is 596113627 a prime number?
True
Is 7049007139 composite?
False
Is 27372307583 a prime number?
True
Is 1048737881 prime?
False
Is 709009687 composite?
False
Is 1218751867 a composite number?
False
Is 4048234493 prime?
True
Is 46402377883 prime?
True
Is 4927644731 a composite number?
False
Is 1327201459 a composite number?
True
Is 3731210117 a composite number?
False
Is 1879094201 a composite number?
True
Is 4203328093 composite?
False
Is 3734839223 prime?
False
Is 1421672947 a composite number?
False
Is 4279114249 a composite number?
False
Is 3811284206 composite?
True
Is 37836099047 a composite number?
False
Is 685030501 a prime number?
False
Is 180071069 a prime number?
True
Is 2384361257 prime?
True
Is 511740643 composite?
False
Is 180713138357 prime?
True
Is 18160040429 a prime number?
False
Is 167657597 a prime number?
True
Is 14231063818 a prime number?
False
Is 14061654851 a prime number?
False
Is 2128016969 prime?
False
Is 444173001 a composite number?
True
Is 68999599 composite?
False
Is 671145433 composite?
True
Is 1372858777 composite?
True
Is 862934701 prime?
False
Is 8082494063 prime?
False
Is 299487799 prime?
False
Is 46365286273 a prime number?
False
Is 361289269 a prime number?
False
Is 8703156197 a prime number?
False
Is 25102492391 composite?
False
Is 14927268173 composite?
False
Is 428330099 prime?
True
Is 2725155577 prime?
True
Is 45613981423 a prime number?
True
Is 4508292547 a composite number?
True
Is 862295251 prime?
False
Is 44549987 a prime number?
True
Is 6462329441 composite?
True
Is 568477363 a prime number?
False
Is 877766649 a prime number?
False
Is 399597152477 a composite number?
False
Is 71883114847 composite?
False
Is 4845903307 a composite number?
True
Is 1097369699 composite?
True
Is 152532047 a prime number?
True
Is 23863569971 composite?
False
Is 190335514907 composite?
False
Is 957888793 a composite number?
True
Is 5364556199 a prime number?
True
Is 54240385007 a prime number?
False
Is 744353341 composite?
False
Is 38885788829 composite?
False
Is 277809061 a composite number?
True
Is 111518957 a prime number?
False
Is 315336529 a composite number?
False
Is 3318802627 a prime number?
False
Is 11068873421 prime?
False
Is 2836148839 a prime number?
True
Is 45489198917 composite?
True
Is 9752382857 composite?
True
Is 17891060399 a composite number?
False
Is 1380025429 prime?
True
Is 770303683 a prime number?
True
Is 121960161509 composite?
True
Is 16872761203 prime?
True
Is 510726127 prime?
False
Is 526306007 a prime number?
False
Is 92111992491 a prime number?
False
Is 33919144871 prime?
False
Is 511656247 composite?
False
Is 1893368663 a prime number?
True
Is 6632906051 prime?
True
Is 517817449 a composite number?
True
Is 238110673 prime?
True
Is 3304024759 a composite number?
True
Is 147806261 prime?
True
Is 742734481 a composite number?
True
Is 29058464603 a prime number?
False
Is 5162262947 composite?
True
Is 3484524569 prime?
True
Is 3103872557 composite?
False
Is 142277186399 a prime number?
False
Is 32887705009 a prime number?
True
Is 10223759053 a prime number?
True
Is 11109083147 a composite number?
False
Is 1760105714 a composite number?
True
Is 1379998979 composite?
True
Is 624758353 prime?
True
Is 3113543117 prime?
True
Is 409784672065 prime?
False
Is 1159777163 a prime number?
True
Is 7220731151 a composite number?
False
Is 3554707427 a prime number?
True
Is 91760073609 composite?
True
Is 13389374861 a prime number?
False
Is 978359933 prime?
True
Is 17857643759 a prime number?
True
Is 1469350149 composite?
True
Is 18960548071 a prime number?
False
Is 117666695173 a prime number?
False
Is 3941392903 prime?
False
Is 6419487709 prime?
False
Is 19765061 prime?
False
Is 28148695009 prime?
False
Is 152443460791 prime?
True
Is 36076054369 a composite number?
True
Is 9243242738 prime?
False
Is 10901551601 a prime number?
False
Is 359280683 a prime number?
False
Is 3207442397 a prime number?
True
Is 316734133 composite?
True
Is 9213905013 prime?
False
Is 3941545451 p